.
-26
Let x(b) = -92*b - 636. Calculate x(-8).
100
Let i(n) = -3*n**3 + 115*n**2 - 40*n + 52. What is i(38)?
-24
Let g(i) = i**3 + 12*i**2 - 37*i + 56. What is g(-15)?
-64
Let p(k) = k**2 + 217*k + 1679. Calculate p(-8).
7
Let z(h) = 3*h**2 - 862*h + 10696. Determine z(13).
-3
Let u(k) = -6*k + 172. Give u(43).
-86
Let f(c) = 1412*c + 5671. Give f(-4).
23
Let d(h) = -h**3 + 67*h**2 - 139*h + 657. What is d(65)?
72
Let b(r) = r**2 - 46*r + 268. Determine b(44).
180
Let q(a) = 2*a**3 - 403*a**2 - 21893*a - 256. Determine q(246).
-10
Let b(t) = 51*t + 215. Determine b(-5).
-40
Let i(j) = 3*j**2 - 122*j + 1108. Give i(15).
-47
Let z(r) = -r**3 - 6*r**2 - 27*r - 480. Determine z(-9).
6
Let m(b) = 888*b**2 - 6*b - 3. What is m(-1)?
891
Let h(x) = x**2 - 6559*x - 39394. What is h(-6)?
-4
Let n(q) = 2*q**2 + 77*q - 431. Give n(6).
103
Let g(p) = 17*p**2 + 868*p + 105. What is g(-51)?
54
Let h(n) = 2*n**3 + 2*n**2 - 44*n + 4. Determine h(6).
244
Let f(x) = x**3 - 22*x**2 - 72*x + 1933. Determine f(21).
-20
Let k(q) = q**3 + 18*q**2 + 30*q - 10. Calculate k(-16).
22
Let u(n) = 3*n**2 + 2*n + 7. Determine u(3).
40
Let d(l) = -l**3 + 4*l**2 - 46*l + 44. What is d(5)?
-211
Let s(m) = 5*m**3 + 4*m**2 - 9*m + 1. Determine s(4).
349
Let z(u) = 6*u**2 + 32*u - 43. Calculate z(-10).
237
Let z(y) = -y**2 + 1720*y - 17104. Give z(10).
-4
Let n(l) = l**2 + 339*l - 23942. Determine n(60).
-2
Let r(z) = -z**2 - 36*z - 120. Calculate r(-5).
35
Let d(z) = -z**3 - 34*z**2 + 67*z - 132. Give d(-36).
48
Let n(m) = -m**3 + 57*m**2 - 218*m + 323. Give n(53).
5
Let h(b) = b**2 - 46*b + 297. Determine h(31).
-168
Let u(a) = 18*a**2 - 397*a + 29. Calculate u(22).
7
Let v(q) = 41*q - 5380. Calculate v(131).
-9
Let q(d) = d**2 + 73*d + 631. Calculate q(-63).
1
Let h(f) = 4*f**3 + 11*f**2 - 20*f - 16. Determine h(2).
20
Let p(l) = -3*l**3 - 8*l + 16. What is p(-3)?
121
Let u(v) = v**3 + 5*v**2 - 52*v - 15. Calculate u(-10).
5
Let v(r) = -23*r + 99. Determine v(-17).
490
Let o(t) = 24*t - 165. Calculate o(7).
3
Let w(r) = -r**2 + 1208*r + 8511. What is w(-7)?
6
Let q(r) = 3*r**3 - 11*r**2 + 28*r - 117. Determine q(4).
11
Let v(l) = 3*l**3 + 13*l**2 + 37*l + 289. What is v(-7)?
-362
Let l(q) = -3*q**3 + 2*q**2 - 28*q + 110. Give l(4).
-162
Let l(d) = -9*d**2 + 765*d + 6. Calculate l(85).
6
Let o(a) = -11*a + 997. What is o(86)?
51
Let f(g) = -22*g - 1097. Give f(-50).
3
Let l(p) = -p**3 + 6*p**2 - 7*p + 1. Determine l(5).
-9
Let i(w) = w**3 - 6*w**2 + 28*w - 258. What is i(7)?
-13
Let t(k) = -2*k**3 + 4*k**2 + 20*k - 38. Determine t(5).
-88
Let c(w) = w**3 + 11*w**2 + 53*w + 616. What is c(-11)?
33
Let r(y) = 639*y - 771. Calculate r(1).
-132
Let s(l) = l**3 + 49*l**2 + 416*l - 92. Calculate s(-38).
-16
Let r(k) = -1144*k - 3421. Calculate r(-3).
11
Let h(i) = -3*i**2 + 24*i - 4. What is h(8)?
-4
Let b(z) = 78*z - 1356. What is b(16)?
-108
Let z(a) = -26*a + 1993. What is z(74)?
69
Let x(s) = s**3 - 17*s**2 - 35*s + 114. Give x(19).
171
Let r(j) = -2*j**3 - 72*j**2 + 13*j + 489. Give r(-36).
21
Let n(r) = -7*r**2 + 7*r - 1. What is n(0)?
-1
Let a(p) = -137*p**2 - 3*p + 3. Calculate a(1).
-137
Let n(u) = 343*u - 10637. Determine n(31).
-4
Let o(m) = 455*m + 3194. Determine o(-7).
9
Let f(k) = 422*k - 187. Give f(0).
-187
Let l(v) = v**2 + 9*v - 36. Calculate l(-11).
-14
Let s(y) = 7*y**3 + 17*y**2 + 15*y + 17. Determine s(-4).
-219
Let p(v) = v**3 + 11*v**2 - 33*v - 95. Calculate p(-2).
7
Let c(n) = n**3 + 117*n**2 + 125*n + 1043. Determine c(-116).
-1
Let j(z) = 1964*z - 88. Determine j(0).
-88
Let x(i) = -i**2 - 3857*i - 26956. Give x(-7).
-6
Let a(u) = -4*u - 124. Give a(-30).
-4
Let k(n) = -861*n**2 + 3441*n + 10. Calculate k(4).
-2
Let f(s) = -6*s - 126. Calculate f(-14).
-42
Let x(a) = 25*a**2 + 5126*a + 207. What is x(-205)?
2
Let s(k) = -2*k**3 - 14*k**2 + 400*k + 2071. What is s(-5)?
-29
Let n(z) = -z**3 + 185*z**2 + 375*z - 267. Give n(187).
-80
Let y(a) = -2845*a - 14180. Calculate y(-5).
45
Let m(a) = 2*a**2 + 48*a + 74. What is m(-23)?
28
Let v(z) = 190*z**3 + 3*z**2 - z - 2. Determine v(1).
190
Let z(a) = -a**3 - 20*a**2 - 427*a - 9384. Calculate z(-21).
24
Let b(v) = -11*v - 100. Determine b(31).
-441
Let a(r) = -45*r + 1416. Give a(33).
-69
Let v(f) = 1946*f + 144003. Calculate v(-74).
-1
Let c(r) = -2*r**2 - 5*r + 5. Calculate c(-5).
-20
Let w(t) = 2*t**2 + 6*t + 24. Determine w(-7).
80
Let i(c) = 4*c**3 + 34*c**2 - 19*c + 2. What is i(-9)?
11
Let v(p) = -p**2 - 18*p + 5. Determine v(-20).
-35
Let c(i) = 2*i**3 + 4*i**2 - 72*i - 23. Give c(-7).
-9
Let n(v) = -135*v + 1189. Calculate n(14).
-701
Let o(c) = -1742*c**2 + 3489*c - 3. Give o(2).
7
Let z(t) = t**2 + 49*t + 259. Give z(-6).
1
Let k(x) = -x**3 - 8*x**2 - 5*x - 43. What is k(-7)?
-57
Let v(w) = w**3 - 31*w**2 + 236*w - 31. What is v(17)?
-65
Let q(m) = -m**2 - 32*m - 130. Determine q(-34).
-198
Let c(f) = -f**2 + 31*f - 140. What is c(3)?
-56
Let p(n) = -n**2 - 18*n + 33. Give p(-8).
113
Let j(n) = 242*n + 5. Calculate j(0).
5
Let r(l) = -l**2 + 564*l + 2269. Calculate r(-4).
-3
Let w(u) = u**2 - 1018*u + 15060. Determine w(15).
15
Let u(y) = -348*y - 14962. What is u(-43)?
2
Let w(p) = p**2 - 6*p - 94. Calculate w(13).
-3
Let q(n) = -n**3 - 3*n**2 - 2*n - 101. Determine q(0).
-101
Let n(d) = 13*d - 26. Determine n(-3).
-65
Let m(n) = -367*n - 1465. Give m(-4).
3
Let f(k) = k**2 - 120*k + 2358. Give f(95).
-17
Let c(f) = 36*f - 64. Give c(9).
260
Let n(x) = 3*x**3 - 17*x**2 + 3*x + 4. Determine n(-1).
-19
Let i(x) = 17*x**3 - x**2 - 4565*x + 4565. Calculate i(1).
16
Let l(m) = -2*m**3 + 44*m**2 - 170*m + 44. Give l(17).
44
Let c(f) = -454*f + 64937. Determine c(143).
15
Let m(z) = 3*z**3 - 58*z**2 - 35*z - 94. Calculate m(20).
6
Let d(l) = -l**3 + 30*l**2 + 38*l + 261. Give d(32).
-571
Let t(k) = k**3 + 10*k**2 + 6*k - 42. What is t(-9)?
-15
Let k(f) = 33*f**2 + 329*f - 27. Determine k(-10).
-17
Let q(u) = u**3 + 8*u**2 - 25*u - 53. Determine q(-10).
-3
Let b(r) = -213*r**2 - 76*r + 76. Calculate b(1).
-213
Let o(r) = -72*r + 1149. Determine o(20).
-291
Let o(y) = -y**2 + 55*y + 385. What is o(55)?
385
Let t(h) = 13*h**2 - 25*h - 27. Determine t(-1).
11
Let u(h) = 2*h**3 + 94*h**2 - 97*h - 216. Calculate u(-48).
-168
Let a(u) = 8*u**2 - 1749*u - 668. Determine a(219).
-11
Let y(z) = -2436*z - 2414. Give y(-1).
22
Let u(y) = y**2 + 1022*y + 7136. Determine u(-7).
31
Let o(j) = -j**3 + 34*j**2 + 69*j + 216. Calculate o(36).
108
Let t(c) = -c**2 + 55*c + 651. Give t(65).
1
Let w(h) = -h**2 - 126*h - 948. Give w(-8).
-4
Let n(v) = -12*v**2 + 20*v + 14. Give n(2).
6
Let t(c) = 359*c**2 - 368*c. Calculate t(1).
-9
Let o(n) = 2*n**3 - 2*n**2 - 36*n + 71. What is o(2)?
7
Let p(c) = -67*c + 6195. Give p(92).
31
Let f(h) = -361*h + 29603. Give f(82).
1
Let r(m) = -9*m - 50. Determine r(-8).
22
Let s(u) = -u**3 - 30*u**2 - 60*u - 12. Give s(-28).
100
Let z(q) = 7*q**2 + 56*q - 80. Give z(-9).
-17
Let z(c) = -c**2 + 9*c - 51. What is z(9)?
-51
Let y(t) = 16*t - 164. Calculate y(17).
108
Let x(r) = -r**3 + 6*r**2 + 10*r + 4. Calculate x(-2).
16
Let b(i) = -3*i**3 + 7*i**2 - 4*i - 2. Calculate b(1).
-2
Let v(t) = -3*t**3 + 15*t**2 - 13*t + 36. Determine v(6).
-150
Let o(j) = -61*j + 155. Calculate o(5).
-150
Let i(y) = y**3 + 145*y**2 + 1221*y - 403. Determine i(-136).
5
Let l(s) = -9*s + 40. What is l(17)?
-113
Let g(d) = 4*d**2 - 33*d + 46. What is g(2)?
-4
Let o(i) = -4*i**2 + 529*i - 652. Give o(131).
3
Let c(k) = 22*k - 1336. What is c(61)?
6
Let c(b) = -7*b**3 + 48*b**2 + 14*b + 51. Determine c(7).
100
Let w(v) = 6*v + 56. What is w(-6)?
20
Let v(g) = 39*g + 286. Calculate v(-10).
-104
Let x(d) = -5*d**3 - 57*d**2 + 39*d + 18. Determine x(-12).
-18
Let m(p) = -p**2 + 3227*p + 25878. Give m(-8).
-2
Let l(i) = 2896*i - 23162. Calculate l(8).
6
Let x(k) = 17*k + 213. Calculate x(0).
213
Let m(c) = 5*c**3 + 425*c**2 + 9*c + 250. Give m(-85).
-515
Let s(z) = -3113*z - 37370. Determine s(-12).
-14
Let a(l) = -3*l**2 - 51*l - 10. Calculate a(-17).
-10
Let u(j) = -4*j**2 + 6*j + 1116. Calculate u(-16).
-4
Let i(u) = -u**3 - 18*u**2 - 24*u + 31. Determine i(-13).
-502
Let g(v) = -629*v + 26400. What is g(42)?
-18
Let v(n) = 482*n + 583. Calculate v(-1).
101
Let m(y) = -208*y - 625. Determine m(-3).
-1
Let h(b) = -b**3 